its digit of (b/(-4))/((-2)/m)?
4
Suppose -21 = -3*f + 5*s, -3*s + 2*s + 7 = 5*f. Suppose -3*x - f*x = -120. What is the tens digit of x?
2
Let k(v) be the first derivative of v**3/3 + 5*v**2/2 - 21*v - 10. What is the tens digit of k(-10)?
2
Let z(i) = i**3 - i**2 - 8. Let q be z(0). Let k(y) = 3*y**2 - 7*y - 4*y**2 + 0*y**2 + 9. What is the units digit of k(q)?
1
Suppose 5*h + 10 + 0 = 0. Let a = h + 4. Suppose 13 = a*y + q, 3*y - 30 = 2*q - 0*q. What is the units digit of y?
8
Suppose 5*f - 113 = 7. Suppose -2*o + f = o. What is the units digit of o?
8
Let h(r) = 3*r**2 - 3*r - 2. Let g be (-4)/8*4*-2. What is the tens digit of h(g)?
3
Let j(i) = -9*i - 4. Let k be j(-4). Suppose -2*u + 6 = 2*a, 4*a + 10 = -a. Suppose -u*s = -s - k. What is the units digit of s?
8
Suppose 17*m - 22*m = -1045. What is the hundreds digit of m?
2
Let q = 73 - 43. What is the tens digit of q?
3
Let y(h) = -h - 6. Let b be y(-10). Suppose 2*d = -z + 20, -2*d + z = -3*z. Suppose -b*j = p - 38, -d = -j - 2*p + p. What is the units digit of j?
0
Let w = 45 + -23. Let b be (30/2)/((-3)/(-2)). Suppose -8*x + 3*x - 2*a + w = 0, a + b = x. What is the units digit of x?
6
Let k be (-2)/12 - (-7)/42. Suppose r + r - 3*y = 56, r + y - 18 = k. What is the tens digit of r?
2
Let n(x) = 9*x**2 - 7*x - 13. What is the units digit of n(-4)?
9
What is the hundreds digit of (-686)/(-4) + (-24)/(-16)?
1
What is the units digit of 3 + (-8 + 5)*104/(-6)?
5
Suppose -5*q - 2*x = -88, -2*x - 6 - 50 = -3*q. What is the units digit of q?
8
What is the units digit of (3/(-9) - 0) + 217/21?
0
Let q(d) = 58*d**2 - 7*d + 8. What is the units digit of q(2)?
6
Suppose 0 = 5*j - 0*d + 4*d + 80, 4*j + 43 = d. What is the tens digit of -1*(j - (2 - 3))?
1
Suppose -4*i + 64 = -24. What is the tens digit of 2/4*i + -1?
1
What is the units digit of (20 - -1)*-1*(-4 + 1)?
3
Let s(m) = 5*m**2 - 1. Let n be s(-1). Suppose n*u - 1 - 11 = 0. What is the units digit of (u/2)/((-12)/(-32))?
4
Suppose 1131 = 4*g - 7*d + 2*d, -4*g - 4*d + 1104 = 0. What is the hundreds digit of g?
2
Let x = 44 - 24. What is the units digit of ((-24)/x)/((-4)/50)?
5
Suppose -3*x - 146 = 4*v, 0*v + 4*x = -5*v - 182. Let l = v + 66. Suppose -3*m + l = m. What is the units digit of m?
7
Let l(s) = s**3 - 5*s**2 + 3*s. Let o be l(5). Let w = o + -9. What is the units digit of w?
6
Suppose 3*z + 2*z = 5*q - 105, 0 = -2*q - 5*z + 77. Suppose 4*r + 40 = 3*u, 5*u - q = 2*r + 2*u. Let t = r + 10. What is the units digit of t?
3
Let i be ((-6)/9)/((-8)/36). Suppose i*u - 2*l - 162 + 44 = 0, 5*u = l + 185. What is the units digit of u?
6
Suppose -q = -4*q + 5*z + 138, 0 = -4*z. What is the tens digit of (10 - 9)/(2/q)?
2
Let k be 15/3*28/20. Suppose k = a - 5. What is the units digit of a?
2
Suppose 0 = 2*a - 3*z + 11, 4*a - 3*a - 5*z = -23. Suppose 0 = -2*h + 4 + a. Suppose 0 = h*t - 9 - 3. What is the units digit of t?
4
Let n be ((-32)/6)/((-1)/6). What is the tens digit of n - (-2)/(1 - -1)?
3
Suppose 50 = 2*z - z. Suppose 7*g - z = 2*g. Suppose 2*f - f - 5*v + 24 = 0, 2*v - g = 0. What is the units digit of f?
1
Suppose -9*x = -494 + 143. What is the tens digit of x?
3
Let w = -2 - -15. Suppose 2*q - w = 3. What is the units digit of q?
8
Suppose -4*t = -8*t + 356. What is the tens digit of t?
8
Let r(p) = -p**2 - 12*p - 5. What is the tens digit of r(-7)?
3
Suppose -4*i - 23 + 59 = 0. Let m(p) = 7 + p + 0 - 2*p + 5. What is the units digit of m(i)?
3
Let i(g) = 6*g**2 - g. Let a be 2/(-6) + (-2)/3. Let w be i(a). Let t = -1 + w. What is the units digit of t?
6
Let a = -34 - -57. Let s = a + -11. Let z = 24 - s. What is the tens digit of z?
1
What is the units digit of -25*(1 + 0)*-1?
5
Suppose 84 = 4*s - 104. Let h = s - 19. What is the units digit of h?
8
Let o(q) = -q - 17. Let l(g) = g + 1. Let h(r) = -4*l(r) - o(r). Let j(k) = 4*k - 14. Let c(f) = -6*h(f) - 5*j(f). What is the units digit of c(-7)?
6
Suppose -2*n + 390 = -2*b, 425 = 2*n - 3*b + 8*b. What is the units digit of n?
0
Let a(h) = h**2 + 4*h + 3. Let p be a(-4). Suppose -p*q = -2*q - 2, 4*v = -q + 170. What is the units digit of (4/(-12))/((-2)/v)?
7
Suppose y - 2*y = 2, -b = 2*y - 24. What is the tens digit of b?
2
What is the tens digit of (0 - -10)/(8/20)?
2
Let h = 1 + -3. What is the units digit of h/(-6) - 464/(-12)?
9
Suppose -24 - 21 = 5*x. What is the units digit of 4*x/(-4)*1?
9
Suppose 5*k - 6 = 4. Suppose 13 + 37 = 4*i + k*j, -5*i = j - 70. What is the tens digit of i?
1
Suppose -3*p - 95 = -5*s, 5*s + p = 10 + 105. Let c = s + -15. What is the units digit of c?
7
Suppose -3*f = -47 - 88. What is the units digit of f?
5
What is the units digit of ((-2)/(-3))/((-8)/(-1740)) + 1?
6
Let c(t) = -6*t - 1. Let n be c(-1). Let g = -4 + n. Let d(m) = m**3 + m. What is the units digit of d(g)?
2
Let q(j) = j**3 - 8*j**2 + j - 3. What is the units digit of q(8)?
5
Suppose 1215 = 4*z + 5*z. What is the tens digit of z?
3
What is the tens digit of 17*(-4)/8*-2?
1
Let f = -4 - -6. Suppose 0 = -5*z - 0*z + f*c + 74, -2*c = z - 10. What is the tens digit of z?
1
Let u(w) = 4*w - 2 + 2 + 2 - 5*w. Let p be u(0). Suppose 3*o - 3*m = -p*m + 34, 3*m + 54 = 5*o. What is the units digit of o?
2
Suppose 5*f - 77 = -17. Suppose -3*t + 87 = f. What is the units digit of t?
5
Let a = 5 - 7. Let t(z) = 4*z**3 + 6*z**2 - 2*z. Let b(h) = 11*h**3 + 17*h**2 - 5*h. Let g(p) = 3*b(p) - 8*t(p). What is the units digit of g(a)?
2
Let c(g) = -g**3 - 2*g**2 - 3*g - 3. Let h be c(-2). What is the units digit of (h/1)/3 - -3?
4
Let i = -179 + 216. What is the units digit of i?
7
Let q(n) = 6*n**2 + 2*n - 5. What is the units digit of q(-4)?
3
What is the units digit of -7 + (-12)/(-3) - -98?
5
Suppose -3 = d - 2*d. Suppose 5*v + n - 15 = 0, 7*v + 2 = d*v + 2*n. What is the units digit of v?
2
Let d(t) be the second derivative of -t**4/8 - t**3/6 + t**2/2 + t. Let o(f) be the first derivative of d(f). What is the units digit of o(-4)?
1
Let s = -2 - -5. Let k(v) = -5*v + 0*v**3 + 6*v**2 + 3 + 1 - v**s. What is the units digit of k(5)?
4
Suppose 0 = -7*h + 3*h + 5*r + 477, 234 = 2*h - 4*r. What is the hundreds digit of h?
1
Let d(r) = r**2 - 2*r - 2. Suppose l - 2*t + 12 = 0, -8*l - 3 = -4*l + t. Let n be d(l). What is the units digit of (-4)/1*n/(-4)?
6
What is the units digit of (0 + (-58)/5)/(1/(-25))?
0
Let t(d) be the second derivative of d**4/12 + d**2 + 2*d. What is the units digit of t(2)?
6
Suppose 3*x - x + 3*i = 102, 0 = 2*i - 4. What is the tens digit of x?
4
Let g = 8 - 5. Let n be (-2)/(g/((-21)/(-2))). Let o(f) = f**2 + 5*f - 6. What is the units digit of o(n)?
8
Let l = -24 + 28. Suppose 0 = -h - h + l. What is the units digit of h?
2
Suppose -2*t + 4 = -0*t. Let g be (-18)/(-21)*(t + -9). Let p = g + 9. What is the units digit of p?
3
What is the hundreds digit of ((-288)/(-14))/(13/91)?
1
Suppose 2*u - 99 - 17 = 0. What is the units digit of u?
8
Suppose 0 = 2*r - 15 - 33. What is the tens digit of r?
2
Let i be (-12)/(-2) + (1 - 2). Suppose -i*h - 5 = 0, -4*f - 15 = 5*h - 54. What is the units digit of f?
1
Let v be ((-6)/(-4))/((-2)/(-4)). Suppose r + 2*r = -2*t + 20, -v*r + 4 = -2*t. Suppose r*w - 15 = -3. What is the units digit of w?
3
Let f(o) = o**3 + 7*o**2 + 7*o + 9. Let j(i) = 11*i**3 - i**2 + i. Let h be j(1). Let u(p) = -2*p + 16. Let m be u(h). What is the units digit of f(m)?
3
Suppose 11*t - 9*t = 20. What is the units digit of 66/2 + (-30)/t?
0
Let p(c) be the second derivative of 7/12*c**4 - c - 1/20*c**5 + 2*c**2 + 0 - c**3. What is the units digit of p(6)?
4
Let r(y) = y - 3. Let n be r(5). Suppose -3*o = 2*l - 64, n*o + l = 23 + 20. What is the tens digit of o?
2
Let g(i) = 2*i**2 + 8*i + 5. What is the tens digit of g(4)?
6
What is the units digit of -1 - (-4)/(12/153)?
0
Suppose 4 = -o + 2*d, 2*o = -5*d - 0*d + 28. Let t = 27 + -25. Suppose -k - 39 = -o*a + t*k, -2*a + 30 = 2*k. What is the units digit of a?
2
Let x(v) = 2*v**2 + 6*v + 4. Let s be x(-4). Let w = s + 10. Suppose 0 = -2*m - 3*a + 11 + 2, -4*m = 2*a - w. What is the units digit of m?
5
Suppose r + 2*r + 12 = 0, -h + 5*r = -36. What is the units digit of h?
6
Let p be 291/33 + 2/11. Suppose -3*a = -3*h - p, -4*a = -0*h + 3*h - 12. What is the units digit of a?
3
Let i be (6/8)/(1/4). Wh